{"id":75,"date":"2020-04-10T01:35:12","date_gmt":"2020-04-10T01:35:12","guid":{"rendered":"http:\/\/siemprelisto.net\/vichitobordados\/?post_type=product&#038;p=75"},"modified":"2020-05-05T05:12:34","modified_gmt":"2020-05-05T05:12:34","slug":"insignia-del-dia-de-la-hadita-2020","status":"publish","type":"product","link":"https:\/\/siemprelisto.net\/vichitobordados\/?product=insignia-del-dia-de-la-hadita-2020","title":{"rendered":"Insignia del d\u00eda de la Hadita 2020"},"content":{"rendered":"<p>Insignia en conmemoraci\u00f3n del d\u00eda de la Hadita 2020.<\/p>\n","protected":false},"excerpt":{"rendered":"<p>Insignia en conmemoraci\u00f3n del d\u00eda de la Hadita 2020.<\/p>\n","protected":false},"featured_media":76,"template":"","meta":[],"product_cat":[42,19],"product_tag":[],"_links":{"self":[{"href":"https:\/\/siemprelisto.net\/vichitobordados\/index.php?rest_route=\/wp\/v2\/product\/75"}],"collection":[{"href":"https:\/\/siemprelisto.net\/vichitobordados\/index.php?rest_route=\/wp\/v2\/product"}],"about":[{"href":"https:\/\/siemprelisto.net\/vichitobordados\/index.php?rest_route=\/wp\/v2\/types\/product"}],"version-history":[{"count":1,"href":"https:\/\/siemprelisto.net\/vichitobordados\/index.php?rest_route=\/wp\/v2\/product\/75\/revisions"}],"predecessor-version":[{"id":324,"href":"https:\/\/siemprelisto.net\/vichitobordados\/index.php?rest_route=\/wp\/v2\/product\/75\/revisions\/324"}],"wp:featuredmedia":[{"embeddable":true,"href":"https:\/\/siemprelisto.net\/vichitobordados\/index.php?rest_route=\/wp\/v2\/media\/76"}],"wp:attachment":[{"href":"https:\/\/siemprelisto.net\/vichitobordados\/index.php?rest_route=%2Fwp%2Fv2%2Fmedia&parent=75"}],"wp:term":[{"taxonomy":"product_cat","embeddable":true,"href":"https:\/\/siemprelisto.net\/vichitobordados\/index.php?rest_route=%2Fwp%2Fv2%2Fproduct_cat&post=75"},{"taxonomy":"product_tag","embeddable":true,"href":"https:\/\/siemprelisto.net\/vichitobordados\/index.php?rest_route=%2Fwp%2Fv2%2Fproduct_tag&post=75"}],"curies":[{"name":"wp","href":"https:\/\/api.w.org\/{rel}","templated":true}]}}